 - 9. List the prime factors of r.
2, 11
Let p(r) be the second derivative of r**3/2 - 23*r**2/2 - 11*r. What are the prime factors of p(16)?
5
Suppose 3*g + 5*k - 14 = 0, -2*g + 1 + 2 = -3*k. Suppose g = f - 3. What are the prime factors of 3*(1 - (-22)/f)?
2, 7
Suppose 15*z = -14 + 59. Let g(t) = 3*t + 1. List the prime factors of g(z).
2, 5
Let a(v) = 4*v**2 - 17*v + 12. List the prime factors of a(16).
2, 191
Suppose -48*u = -350 - 5314. What are the prime factors of u?
2, 59
Let z be -3 + (2 - -3) - -1. Suppose 0 = l + 4*p + 10, 0*l + z*l - 12 = 2*p. List the prime factors of l*(-2 - 3)*-4.
2, 5
Suppose -5*h = -5*x - 80, -33 = 3*x + 2*h + 10. Let b(n) = -n**3 - 15*n**2 - 2*n - 9. What are the prime factors of b(x)?
3, 7
Let r be (-2 + -2)*(-3)/6. Suppose r*o + 2*k + 15 = -3*k, 0 = 3*k + 9. List the prime factors of 246/6*(o - -1).
41
What are the prime factors of (-14458)/(-8) - (-12)/(-48)?
13, 139
Let l(j) = -18 + 0*j**2 + 5*j**2 + 2*j + 6*j - j**2. What are the prime factors of l(-10)?
2, 151
Let n(r) = -r**3 + 2*r**2 + 2*r + 3. Let z be (6/(-8))/((-3)/12). Let s be n(z). Suppose 0 = 3*y + 12, -j + y - 3*y + 5 = s. List the prime factors of j.
13
Suppose -2*v - 53 = -v. Let x = v - -82. List the prime factors of x.
29
Let u(m) = -2*m - 9. Let d be u(-9). Suppose d*j - 6*j = 6. What are the prime factors of j?
2
Let s(h) = h**2 - 47*h - 10. What are the prime factors of s(-12)?
2, 349
List the prime factors of (-4 - -57)/((-4)/(-92)).
23, 53
Let x(z) = -z**2 - 9*z + 4. Let y be x(-10). Let f(r) = r**3 + 5*r**2 - 5*r - 6. Let w be f(y). Let l = w - -28. List the prime factors of l.
2
Let p = 60 - 23. Let a = p - 16. What are the prime factors of a?
3, 7
Suppose -11 + 1 = -5*v. Suppose -v*t + 4 = 2*t. What are the prime factors of t/(3/(-4 + 55))?
17
Let k(a) = -6*a**3 + a**2 - 2*a - 2. Let f(h) = h**3 + h**2 - h. Suppose -25 = 4*w - 5. Let r(j) = w*f(j) - k(j). List the prime factors of r(5).
2, 3
Suppose -237 = -15*r + 393. What are the prime factors of r?
2, 3, 7
Suppose -2*x + 4*x = -2. Let a be (-2 - x)/(5/(-30)). Let p(m) = 4*m - 18. What are the prime factors of p(a)?
2, 3
Suppose -3*m + 14 = -1. Suppose m*q = 2*q. Suppose 2*c - 69 = -3*i - c, q = 5*i - 5*c - 155. List the prime factors of i.
3
Let g be (1 - -2)*40/24. Suppose 4*h + 2*v = g*v + 51, 3*v - 21 = -2*h. What are the prime factors of h*(-4)/32*-6?
3
Let k(w) be the first derivative of -1/3*w**3 - 5 - 5*w**2 + 8*w. What are the prime factors of k(-8)?
2, 3
Let d be 4/10 - 128/(-5). Suppose -40*f = -41*f + 2*t + 4, -3*f - 4*t - 8 = 0. Suppose f*g - d = -g. What are the prime factors of g?
2, 13
List the prime factors of (156/(-26))/(2/(-478)).
2, 3, 239
Let u = -276 - -484. Let p = -137 + u. List the prime factors of p.
71
Suppose 4*a + 4*p = 6132, 6*a + 2*p - 4603 = 3*a. List the prime factors of a.
29, 53
Suppose 0 = -116*t + 115*t + 353. List the prime factors of t.
353
Suppose 0 = 13*l - 8*l + 3*p + 9, 6 = -2*p. Suppose 0 = 4*y - 12, l*k - 4*k + 99 = 5*y. What are the prime factors of k?
3, 7
Suppose 11*i - 880 = 15*i. Let u = i - -348. What are the prime factors of u?
2
Suppose 716 = 10*y - 4754. What are the prime factors of y?
547
Suppose 2*n + 8 = 0, -n + 21 = 5*p - 0*n. Suppose 100 = p*m - 5. What are the prime factors of m?
3, 7
Let w(u) = 15*u + 1. Let m be w(1). Let c = m + -13. Suppose -n + j = -8 - 1, 0 = n + c*j + 7. What are the prime factors of n?
5
Suppose 0 = -2*a - 3*b + 15, -2*a - b + 5 = -7*a. Suppose y - 4*y + 150 = a. What are the prime factors of y?
2, 5
Let h(v) = v**2 + 7*v - 8. Let d = 9 + -27. Let l = d - -9. List the prime factors of h(l).
2, 5
Let r(p) = p. Let c be r(5). Suppose c*d = d. Let a(u) = -2*u + 20. List the prime factors of a(d).
2, 5
Suppose 0 = z - 3*u - 4, -6*z - 2*u = -2*z - 16. Suppose -z*m = -m - 3. List the prime factors of -1 + (-2 - m) + 20.
2
List the prime factors of -5 - 2*2247/(-3).
1493
List the prime factors of 530/(-4)*1*(-3876)/255.
2, 19, 53
Suppose 0 = -5*m - 0*k - 2*k + 30, 0 = -5*m + 4*k. Suppose 5*a - 300 = -5*x, 255 = m*x - a + 2*a. Suppose 6*v - x = v. What are the prime factors of v?
13
Suppose -10698 + 663 = -5*s + x, -2*s + x + 4014 = 0. List the prime factors of s.
3, 223
Let o(g) = 14*g**2 - 10*g + 5. List the prime factors of o(5).
5, 61
Let z be (5/(-3) - -1)/(6/9). What are the prime factors of -80*2*z/2?
2, 5
Let d = -1625 - -2679. List the prime factors of d.
2, 17, 31
Suppose -2*n + 2419 = b + 579, -4*b - 1830 = -2*n. What are the prime factors of n?
919
Suppose 0*u + u - 56 = 0. Let w = 0 + 3. Suppose -w*i + u = -22. What are the prime factors of i?
2, 13
Let t be 13 - 11 - (-12)/(-2). Let l be t/(-16) - (-478)/8. Suppose -15*u + l = -10*u. List the prime factors of u.
2, 3
Let j = 901 - 660. List the prime factors of j.
241
Let n = 1530 - 235. List the prime factors of n.
5, 7, 37
Let y = -58 + -10. Let z = 103 + y. List the prime factors of z.
5, 7
Let j(a) = a**2 - 4*a - 3. Let t be j(5). Let z = t - -3. Let y(k) = k**2 - 2*k + 6. List the prime factors of y(z).
3, 7
Let h = -85 + 155. Suppose t - 280 = -4*p, -2*t - 2*t - h = -p. What are the prime factors of p?
2, 5, 7
Suppose 2*h + 4 - 14 = 0. Suppose -h*a = -2*v + 70, -10 = 5*v - 5*a - 215. List the prime factors of v.
3, 5
Let j = 8 - 6. Let d be ((-282)/18)/(j/(-18)). Suppose -n + d = 5*m, -8*m + 4*m - 5*n = -96. List the prime factors of m.
29
Suppose -65*a + 936 = -63*a. What are the prime factors of a?
2, 3, 13
Let a(r) = 2*r**3 + 30*r**2 + 9*r - 51. List the prime factors of a(-14).
5, 43
Let k = 16 + -14. Let j = k - -3. Suppose j*z + 0*z - 5*x - 85 = 0, -3*z + 2*x + 53 = 0. List the prime factors of z.
19
Suppose l + 24 = 3*l. Suppose l = -3*o + 5*o. What are the prime factors of (36/2)/(o/4)?
2, 3
Let a = 56 - 52. List the prime factors of (588/105)/(a/70*1).
2, 7
Let l = 896 - 344. Suppose 6*d = -2*d + l. List the prime factors of d.
3, 23
Let i(q) = 8*q**3 + 5*q**2 - 3*q + 3. Let d be i(2). Suppose -3 = 3*c - 12. Suppose a = -c*x + 41 + d, -207 = -5*x + 2*a. What are the prime factors of x?
41
Let l(s) be the third derivative of s**8/6720 - s**6/360 - s**5/60 - 5*s**2. Let o(k) be the third derivative of l(k). List the prime factors of o(4).
2, 23
Suppose -10 = -4*m + l, -7 = -m - 2*l - 0. Suppose -4*v - 8 = 5*u, -4*u = -4*v - 0*u + 28. What are the prime factors of -5 + m - -13 - v?
2
List the prime factors of -1 - (-37565)/75 - 8/(-60).
2, 5
Let z be 1 + -6 + (1 - 0/(-4)). List the prime factors of 291/((-12)/z) - -1.
2, 7
Let j = 34 - 32. Suppose 3*x - j*m - 69 - 19 = 0, 0 = -3*x - m + 82. List the prime factors of x.
2, 7
Suppose 3*w + 3 = 21. Suppose w*p = 3*p. Suppose 0 = -4*a, 3*i + i - 3*a - 164 = p. What are the prime factors of i?
41
Let z be 24/16*(-2 + 1 + 3). Suppose -4*o - z*o = -966. List the prime factors of o.
2, 3, 23
Suppose -15 = -o + 16. List the prime factors of o.
31
Let h(o) be the first derivative of 19*o**3/3 - o**2/2 + 3*o - 16. What are the prime factors of h(2)?
7, 11
Let r = 3 + -8. Let m be (3 - 7)/20*r. What are the prime factors of 4 - m*(4 - 61)?
61
Let n be (-9)/(-27) - 26/(-3). Suppose 3*m = n*m - 246. Suppose 2*k + 0*k = v - m, 3*k = 4*v - 159. List the prime factors of v.
3, 13
Suppose t - 30 = -5*u, 5*t = -2*u - 3*u + 50. Suppose 145 = t*s + 4*h, 0 = -4*s - 4*h - h + 116. What are the prime factors of s?
29
Let j(m) = -m**3 + m**2 + 2*m + 53. Let b be j(0). Suppose 0 = -5*i + 343 - b. Suppose 3*n - 32 - i = 0. What are the prime factors of n?
2, 3, 5
Let w(a) = -a - 1. Let v be w(-4). Let b be 82/v + 6/9. Suppose -s = s - b. What are the prime factors of s?
2, 7
Let u(x) = 2*x**2 - x + 28. Let q = -79 - -73. List the prime factors of u(q).
2, 53
List the prime factors of (-2)/4 - (-45585)/30.
7, 31
Suppose 5*u = -15, x - 5*u + 15 = -4*x. Let w = x + 48. What are the prime factors of w?
2, 3, 7
Suppose -609 = -6*c + 39. Let o = -54 + c. What are the prime factors of o?
2, 3
Let t be (-41 - (3 + -2))*-2. Let m be (1/(-5)*-5)/((-3)/(-126)). Let s = t - m. What are the prime factors of s?
2, 3, 7
Suppose m = -23 + 14. Let p = -6 - m. Suppose -p*o + o - w = -65, 15 = 3*w. List the prime factors of o.
2, 3, 5
Suppose m = 5*q + 4, 3*q + 4*m = -0*m + 16. Let t(d) = -6 + 4*d**3 - 3*d**3 - 11 + 